e 14) to base 13
3
197 (base 11) to base 9
272
Convert -12 (base 13) to base 12.
-13
220 (base 4) to base 13
31
What is 1111010 (base 2) in base 11?
101
Convert 137 (base 8) to base 11.
87
What is 1d (base 15) in base 16?
1c
What is 4 (base 16) in base 13?
4
Convert -21 (base 5) to base 11.
-10
What is 1002 (base 3) in base 14?
21
Convert a6 (base 12) to base 13.
99
-58 (base 14) to base 2
-1001110
Convert d (base 16) to base 11.
12
What is -10 (base 3) in base 15?
-3
What is -21 (base 8) in base 3?
-122
Convert 351 (base 8) to base 10.
233
-6 (base 12) to base 15
-6
-13 (base 11) to base 5
-24
What is 101000 (base 2) in base 8?
50
422 (base 8) to base 11
22a
Convert 108 (base 11) to base 7.
243
What is -103 (base 5) in base 3?
-1001
-15 (base 8) to base 5
-23
Convert -4 (base 15) to base 10.
-4
What is 3 (base 14) in base 8?
3
Convert 27 (base 15) to base 3.
1101
Convert -8 (base 12) to base 3.
-22
Convert -22 (base 3) to base 15.
-8
Convert -21 (base 6) to base 9.
-14
What is 26 (base 16) in base 11?
35
Convert 8 (base 12) to base 4.
20
What is -333 (base 5) in base 12?
-79
Convert -2 (base 16) to base 14.
-2
What is 4d (base 16) in base 12?
65
What is -12 (base 6) in base 14?
-8
70 (base 8) to base 7
110
What is -9 (base 11) in base 9?
-10
Convert -16 (base 13) to base 14.
-15
-6 (base 7) to base 3
-20
What is 231 (base 9) in base 16?
be
Convert -114 (base 5) to base 15.
-24
What is 101101 (base 2) in base 8?
55
-11 (base 12) to base 10
-13
What is 2 (base 8) in base 15?
2
15 (base 8) to base 15
d
What is b (base 15) in base 6?
15
2011 (base 4) to base 9
157
3 (base 15) to base 14
3
Convert -5 (base 14) to base 10.
-5
-13 (base 9) to base 3
-110
What is 2 (base 3) in base 4?
2
Convert 0 (base 3) to base 10.
0
What is -1 (base 8) in base 16?
-1
-a (base 14) to base 4
-22
Convert 100 (base 2) to base 15.
4
What is 7 (base 11) in base 7?
10
-126 (base 7) to base 16
-45
-115 (base 8) to base 10
-77
Convert -11011 (base 2) to base 3.
-1000
What is 450 (base 7) in base 4?
3213
What is -203 (base 6) in base 9?
-83
16 (base 15) to base 13
18
What is -35 (base 15) in base 8?
-62
Convert 41 (base 7) to base 13.
23
What is -11 (base 4) in base 14?
-5
-43 (base 12) to base 15
-36
-2213 (base 4) to base 8
-247
Convert 2 (base 13) to base 11.
2
Convert -19 (base 16) to base 8.
-31
-20 (base 3) to base 13
-6
What is -11011 (base 2) in base 11?
-25
Convert -3121 (base 4) to base 3.
-22001
Convert 5 (base 14) to base 10.
5
1000011 (base 2) to base 7
124
1 (base 2) to base 8
1
Convert -1 (base 16) to base 14.
-1
Convert 100 (base 2) to base 9.
4
-2 (base 10) to base 16
-2
-110 (base 3) to base 4
-30
What is -63 (base 12) in base 5?
-300
Convert -4 (base 15) to base 12.
-4
Convert -50 (base 9) to base 3.
-1200
Convert 1 (base 4) to base 8.
1
-5 (base 14) to base 16
-5
-11 (base 4) to base 15
-5
What is 106 (base 7) in base 11?
50
What is -321 (base 6) in base 9?
-144
-535 (base 6) to base 7
-410
What is 4 (base 5) in base 12?
4
Convert 3 (base 7) to base 10.
3
What is -1010 (base 2) in base 14?
-a
Convert 10 (base 6) to base 9.
6
Convert -1002 (base 4) to base 9.
-73
-1010 (base 2) to base 15
-a
Convert -3 (base 5) to base 14.
-3
What is -10 (base 11) in base 8?
-13
Convert -8 (base 15) to base 7.
-11
What is 201 (base 5) in base 7?
102
Convert a (base 14) to base 15.
a
What is 211 (base 3) in base 10?
22
What is a (base 14) in base 15?
a
What is 3 (base 16) in base 8?
3
-1 (base 16) to base 6
-1
9 (base 10) to base 12
9
What is 101 (base 2) in base 15?
5
-1 (base 6) to base 11
-1
Convert 22 (base 3) to base 7.
11
Convert -41 (base 8) to base 12.
-29
Convert -234 (base 10) to base 7.
-453
Convert -1200 (base 3) to base 11.
-41
Convert -e6 (base 16) to base 5.
-1410
What is -60 (base 7) in base 6?
-110
What is 131 (base 5) in base 15?
2b
What is -5 (base 15) in base 14?
-5
103 (base 5) to base 7
40
What is 32 (base 5) in base 13?
14
What is -3 (base 15) in base 12?
-3
-5 (base 13) to base 8
-5
What is 14 (base 6) in base 11?
a
What is 53 (base 13) in base 12?
58
-140 (base 14) to base 16
-fc
-152 (base 14) to base 7
-532
a (base 11) to base 4
22
2 (base 10) to base 4
2
What is -102 (base 4) in base 2?
-10010
Convert -3 (base 6) to base 15.
-3
Convert -22 (base 9) to base 16.
-14
Convert 311 (base 5) to base 10.
81
112 (base 5) to base 6
52
What is 4 (base 5) in base 14?
4
Convert 1010 (base 2) to base 13.
a
What is 1010 (base 2) in base 11?
a
1 (base 11) to base 9
1
What is f2 (base 16) in base 10?
242
Convert -1011010 (base 2) to base 16.
-5a
-7 (base 13) to base 5
-12
2 (base 14) to base 15
2
-6 (base 15) to base 9
-6
What is -300 (base 7) in base 16?
-93
What is -1 (base 11) in base 9?
-1
Convert 0 (base 10) to base 3.
0
What is 210 (base 11) in base 10?
253
Convert -28 (base 11) to base 15.
-20
What is 0 (base 7) in base 14?
0
What is -e (base 15) in base 12?
-12
What is 14 (base 15) in base 3?
201
What is 5 (base 11) in base 15?
5
What is -12 (base 5) in base 12?
-7
Convert 1 (base 3) to base 14.
1
What is 131 (base 6) in base 2?
110111
7 (base 12) to base 9
7
What is -32 (base 4) in base 10?
-14
Convert 1 (base 8) to base 9.
1
-133 (base 6) to base 5
-212
Convert -20 (base 6) to base 8.
-14
Convert -105 (base 6) to base 12.
-35
-8 (base 10) to base 11
-8
What is -113 (base 4) in base 14?
-19
Convert 30 (base 8) to base 3.
220
Convert -2001 (base 3) to base 5.
-210
What is -a5 (base 15) in base 6?
-415
Convert 2 (base 8) to base 10.
2
1 (base 15) to base 16
1
What is 5 (base 9) in base 16?
5
Convert 80 (base 15) to base 3.
11110
7 (base 13) to base 15
7
-5 (base 12) to base 10
-5
What is 102 (base 4) in base 5?
33
What is 3 (base 5) in base 13?
3
-3 (base 6) to base 9
-3
142 (base 5) to base 8
57
1110 (base 2) to base 9
15
What is 34 (base 5) in base 13?
16
-11222 (base 3) to base 12
-b2
-2 (base 6) to base 13
-2
What is 16 (base 10) in base 12?
14
-2 (base 14) to base 4
-2
Convert 1 (base 3) to base 9.
1
What is -1020 (base 3) in base 13?
-27
1 (base 5) to base 15
1
3 (base 6) to base 10
3
What is 21 (base 7) in base 8?
17
-4 (base 5) to base 7
-4
-20 (base 4) to base 14
-8
Convert 3 (base 13) to base 2.
11
What is 14 (base 14) in base 13?
15
What is 13 (base 11) in base 16?
e
What is 1 (base 7) in base 14?
1
Convert 12 (base 16) to base 8.
22
Convert 111 (base 3) to base 10.
13
-40 (base 11) to base 5
-134
What is -16 (base 7) in base 12?
-11
44 (base 7) to base 15
22
-2 (base 16) to base 9
-2
Convert 230 (base 8) to base 3.
12122
Convert 4 (base 12) to base 16.
4
-66 (base 16) to base 15
-6c
Convert -30 (base 4) to base 14.
-c
What is 221 (base 3) in base 4?
121
Convert 21 (base 3) to base 15.
7
Convert 3 (base 12) to base 9.
3
Convert 0 (base 16) to base 13.
0
What is -1100 (base 3) in base 7?
-51
145 (base 13) to base 9
271
What is -2 (base 5) in base 12?
-2
Convert -20 (base 4) to base 6.
-12
Convert 1222 (base 6) to base 3.
102012
What is 0 (base 4) in base 8?
0
What is 1 (base 7) in base 6?
1
110 (base 2) to base 7
6
What is -3 (base 11) in base 5?
-3
-13 (base 9) to base 2
-1100
What is 0 (base 14) in base 13?
0
11 (base 7) to base 15
8
Convert 59 (base 16) to base 12.
75
Convert 2121 (base 4) to base 8.
231
Convert -4 (base 11) to base 14.
-4
Convert 2113 (base 5) to base 12.
1b7
Convert 8 (base 15) to base 6.
12
Convert -10100110 (base 2) to base 12.
-11a
1 (base 8) to base 4
1
107 (base 10) to base 16
6b
2 (base 8) to base 12
2
What is 10 (base 15) in base 7?
21
What is 111 (base 6) in base 2?
101011
Convert 40 (base 6) to base 7.
33
What is 82 (base 15) in base 5?
442
Convert -10 (base 5) to base 8.
-5
4 (base 16) to base 6
4
What is -14 (base 6) in base 2?
-1010
What is -2 (base 3) in base 4?
-2
200 (base 6) to base 13
57
What is -147 (base 9) in base 12?
-a4
Convert 3 (base 16) to base 5.
3
What is -22 (base 12) in base 16?
-1a
-62 (base 10) to base 5
-222
7 (base 13) to base 7
10
What is 110121 (base 3) in base 9?
417
What is 17 (base 11) in base 13?
15
What is 1 (base 8) in base 3?
1
-24 (base 5) to base 13
-11
Convert 25 (base 12) to base 2.
11101
Convert -1 (base 8) to base 12.
-1
What is 0 (base 6) in base 4?
0
What is -21 (base 6) in base 12?
-11
13 (base 15) to base 4
102
What is -3 (base 7) in base 4?
-3
Convert b8 (base 16) to